{"id":55,"date":"2013-07-17T15:36:16","date_gmt":"2013-07-17T13:36:16","guid":{"rendered":"http:\/\/dawipaderborn.bplaced.net\/wordpress\/?page_id=55"},"modified":"2020-01-12T17:04:45","modified_gmt":"2020-01-12T15:04:45","slug":"125-aenderung-des-flaechennutzungsplans","status":"publish","type":"page","link":"https:\/\/dawipaderborn.bplaced.net\/wordpress\/windindustrie-in-der-stadt-paderborn\/125-aenderung-des-flaechennutzungsplans\/","title":{"rendered":"125. \u00c4nderung des Fl\u00e4chennutzungsplans f\u00fcr Paderborn"},"content":{"rendered":"<h3 style=\"text-align: center;\"><span style=\"color: #333399;\">125. \u00c4nderung des Fl\u00e4chennutzungsplan<\/span>s<\/h3>\n<p style=\"text-align: center;\"><span style=\"color: #000080;\"><strong>am 17.1.2019 urteilt das Oberverwaltungsgericht NRW:<\/strong><\/span><\/p>\n<p><span style=\"color: #000080;\">Die 125. \u00c4nderung des Fl\u00e4chennutzungsplans ist unwirksam, eine Revision ist nicht zugelassen.<\/span><br \/>\n<span style=\"color: #000080;\">hiergegen hat die Stadt Paderborn beim Bundesverwaltungsgericht geklagt, eine Entscheidung ist noch nicht gef\u00e4llt. Bis dahin bleibt der Fl\u00fchennutzungsplan g\u00fcltig.<\/span><\/p>\n<p>die Urteilsbegr\u00fcndung: \u00a0<a href=\"http:\/\/dawipaderborn.bplaced.net\/wordpress\/wp-content\/uploads\/2020\/01\/2019_01_17-Oberverwaltungsgericht-NRW-2-D-6317.NE_.pdf\" target=\"_blank\" rel=\"noopener noreferrer\">2019_01_17 Oberverwaltungsgericht NRW, 2 D 63:17.NE<\/a><\/p>\n<p style=\"text-align: center;\"><span style=\"color: #333399;\"><strong>am 15.12.2016 beschliesst der Rat der Stadt Paderborn die 125. \u00c4nderung des Fl\u00e4chennutzungsplans<\/strong><a style=\"color: #333399;\" href=\"http:\/\/dawipaderborn.bplaced.net\/wordpress\/wp-content\/uploads\/2013\/07\/2016_12_15-Oeffentliche_Niederschrift_Rat_15.12.2016.pdf\" target=\"_blank\" rel=\"noopener noreferrer\"><br \/>\n\u00d6ffentliche_Niederschrift_Rat_15.12.2016<\/a><\/span><\/p>\n<p><span style=\"color: #333399;\"><strong><a href=\"http:\/\/dawipaderborn.bplaced.net\/wordpress\/wp-content\/uploads\/2013\/07\/2017_07_14-Amtsblatt_Amtsblatt_14.07.2017.pdf\" target=\"_blank\" rel=\"noopener noreferrer\">mit Ver\u00f6ffentlichung am 14.7.2017 im Amtsblatt_ist der Fl\u00e4chennutzungsplan rechtskr\u00e4ftig\u00a0<\/a><\/strong><\/span><\/p>\n<p><span style=\"color: #333399;\"><a style=\"color: #333399;\" href=\"http:\/\/dawipaderborn.bplaced.net\/wordpress\/wp-content\/uploads\/2017\/03\/2017-02-17-Stadt-PB-Stellungnahme-125.FNP_.pdf\" target=\"_blank\" rel=\"noopener noreferrer\">Stadt PB Stellungnahme zum 125.FNP<\/a>\u00a0 (17.2.2017)<\/span><\/p>\n<p><span style=\"color: #333399;\"><a style=\"color: #333399;\" href=\"http:\/\/dawipaderborn.bplaced.net\/wordpress\/wp-content\/uploads\/2013\/07\/2016_12_15-NW-Wachstum-aber-in-Grenzen.pdf\" target=\"_blank\" rel=\"noopener noreferrer\">Wachstum aber in Grenzen<\/a>\u00a0 (NW 15.12.2016)<br \/>\n<a style=\"color: #333399;\" href=\"http:\/\/dawipaderborn.bplaced.net\/wordpress\/wp-content\/uploads\/2013\/07\/2016_12_15-WV-Paderborn-rechnet-mit-80-Windraedern.pdf\" target=\"_blank\" rel=\"noopener noreferrer\">Paderborn rechnet mit 80 Windr\u00e4dern<\/a>\u00a0 (WV 15.12.2016)<b><\/b><\/span><\/p>\n<p><strong><span style=\"color: #333399;\">Zum Verfahrensablauf<\/span><\/strong><\/p>\n<p><span style=\"color: #000080;\">16. 12. 2014 \u2013 Beschluss des Bauausschusses der Stadt Paderborn \u00fcber die fr\u00fchzeitige Beteiligung der \u00d6ffentlichkeit und der Beh\u00f6rden<\/span><span style=\"color: #000080;\"><br \/>\n<\/span><span style=\"color: #000080;\">21. 01. 2015 \u2013 B\u00fcrgerinformation im Sch\u00fctzenhof Paderborn<br \/>\n<\/span><span style=\"color: #000080;\">20. 02. 2015 \u2013 Schlusstermin f\u00fcr Eingaben zum <strong>Vorentwurf<\/strong> des 125. FNP<br \/>\n12. 11. 2015 \u2013 Offenlegung der Beschlussvorlage zum <strong>Entwurf<\/strong> des 125. FNP (mit Auswertung der Eingaben zum Vorentwurf)<br \/>\n12. 11. 2015 \u2013 Beschluss des Bauausschusses der Stadt Paderborn zum\u00a0<span class=\"Apple-style-span\"><strong>Entwurf<\/strong>\u00a0des 125. FNP<br \/>\n3.3.2016 &#8211; Beratung \u00fcber erneute\u00a0<\/span><\/span><span style=\"color: #000080;\">Offenlage der 125. \u00c4nderung im Bauausschuss<br \/>\n<span style=\"color: #333399;\"><a style=\"color: #333399;\" href=\"https:\/\/stadt-paderborn.rim.gkdpb.de\/vorgang\/?__=LfyIfvCWq8SpBQj0MiyHaxEaz8Ut4Si3Lh2GduEbGJ\" target=\"_blank\" rel=\"noopener noreferrer\">Vorlage hierf\u00fcr hier klicken<br \/>\n<\/a><\/span><\/span><span style=\"color: #333399;\"><a style=\"color: #333399;\" href=\"http:\/\/dawipaderborn.bplaced.net\/wordpress\/wp-content\/uploads\/2013\/07\/2016_03_07-Antsblatt-Paderborn-zum-125-FNP.pdf\" target=\"_blank\" rel=\"noopener noreferrer\">7.3.2016 Amtsblatt Paderborn zum 125 FNP<\/a>_Auszug<br \/>\n<strong><a style=\"color: #333399;\" href=\"http:\/\/dawipaderborn.bplaced.net\/wordpress\/wp-content\/uploads\/2013\/07\/2016_07_14-Beschlussvorlage_0180-16.pdf\" target=\"_blank\" rel=\"noopener noreferrer\">2016_07_14 Beschlussvorlage_0180-16<\/a>\u00a0erneute Offenlage der 125. \u00c4nderung im Bauausschuss<\/strong><br \/>\n<a style=\"color: #333399;\" href=\"http:\/\/dawipaderborn.bplaced.net\/wordpress\/wp-content\/uploads\/2013\/07\/2016_07_14-Plan_1.pdf\" target=\"_blank\" rel=\"noopener noreferrer\">2016_07_14 Plan_1<\/a><br \/>\n<a style=\"color: #333399;\" href=\"http:\/\/dawipaderborn.bplaced.net\/wordpress\/wp-content\/uploads\/2013\/07\/2016_07_14-Plan_2.pdf\" target=\"_blank\" rel=\"noopener noreferrer\">2016_07_14 Plan_2<\/a><br \/>\n<\/span><\/p>\n<p><span style=\"color: #333399;\"><strong><a style=\"color: #333399;\" href=\"http:\/\/dawipaderborn.bplaced.net\/wordpress\/wp-content\/uploads\/2013\/07\/2016_07_14-Niederschrift-Bauausschuss-zum-125-FNP.pdf\" target=\"_blank\" rel=\"noopener noreferrer\">2016_07_14-niederschrift-bauausschuss-zum-125-fnp<\/a><\/strong><\/span><br \/>\n<span style=\"color: #333399;\"> <strong><a style=\"color: #333399;\" href=\"http:\/\/dawipaderborn.bplaced.net\/wordpress\/wp-content\/uploads\/2013\/07\/2016_08_26-Amtsblatt-offenlegung-125-FNP.pdf\" target=\"_blank\" rel=\"noopener noreferrer\">2016_08_26-amtsblatt-offenlegung-125-fnp<br \/>\n<\/a><\/strong><\/span><span style=\"color: #000080;\"><br \/>\n<span style=\"color: #333399;\"><a style=\"color: #333399;\" href=\"http:\/\/dawipaderborn.bplaced.net\/wordpress\/wp-content\/uploads\/2013\/07\/2015_11_13-Amtsblatt-Stadt-PB.pdf\" target=\"_blank\" rel=\"noopener noreferrer\">13.11.2015 &#8211; Amtsblatt \u00f6ffentliche Auslegung vom 23.11. bis 23.12.2015; <strong><span style=\"color: #333399;\">Einspruchsfrist bis 23.12.2015<\/span><\/strong><\/a><\/span><\/span><\/p>\n<p><span style=\"color: #333399;\"><strong style=\"font-weight: bold !important;\">Zum\u00a0<em style=\"font-style: italic;\">Entwurf<\/em>\u00a0der 125. \u00c4nderung des FNP und die beigef\u00fcgten Dokumente<\/strong><\/span><\/p>\n<p style=\"text-align: center;\"><strong><span style=\"color: #333399;\"><a style=\"color: #333399;\" href=\"http:\/\/dawipaderborn.bplaced.net\/wordpress\/wp-content\/uploads\/2013\/07\/2015_11_12-Beschlusstext_0305-15_-oeffentlich-_Ausschuss_fuer_Bauen-_Planen_und_Umwelt_12.11.2015.pdf\" target=\"_blank\" rel=\"noopener noreferrer\">Beschlusstext_0305-15<br \/>\n<\/a><\/span><\/strong><span style=\"color: #333399;\"><strong><a style=\"color: #333399;\" href=\"http:\/\/dawipaderborn.bplaced.net\/wordpress\/wp-content\/uploads\/2013\/07\/01Beschlussvorlage_0305-15.pdf\" target=\"_blank\" rel=\"noopener noreferrer\">Beschlussvorlage 0305-15<\/a><\/strong><\/span><\/p>\n<p><a href=\"http:\/\/dawipaderborn.bplaced.net\/wordpress\/wp-content\/uploads\/2013\/07\/07Plan_Potentialflaechenanalyse_.jpg\" target=\"_blank\" rel=\"noopener noreferrer\"><img loading=\"lazy\" decoding=\"async\" class=\"alignnone wp-image-3738 size-large\" src=\"http:\/\/dawipaderborn.bplaced.net\/wordpress\/wp-content\/uploads\/2013\/07\/07Plan_Potentialflaechenanalyse_-1024x769.jpg\" alt=\"07Plan_Potentialflaechenanalyse_\" width=\"625\" height=\"469\" srcset=\"https:\/\/dawipaderborn.bplaced.net\/wordpress\/wp-content\/uploads\/2013\/07\/07Plan_Potentialflaechenanalyse_-1024x769.jpg 1024w, https:\/\/dawipaderborn.bplaced.net\/wordpress\/wp-content\/uploads\/2013\/07\/07Plan_Potentialflaechenanalyse_-300x225.jpg 300w, https:\/\/dawipaderborn.bplaced.net\/wordpress\/wp-content\/uploads\/2013\/07\/07Plan_Potentialflaechenanalyse_-624x468.jpg 624w, https:\/\/dawipaderborn.bplaced.net\/wordpress\/wp-content\/uploads\/2013\/07\/07Plan_Potentialflaechenanalyse_.jpg 1332w\" sizes=\"auto, (max-width: 625px) 100vw, 625px\" \/><\/a><\/p>\n<p style=\"padding-left: 30px;\"><span style=\"color: #333399;\"><a style=\"color: #333399;\" href=\"http:\/\/dawipaderborn.bplaced.net\/wordpress\/wp-content\/uploads\/2013\/07\/02Uebersichtsplan.pdf\" target=\"_blank\" rel=\"noopener noreferrer\">02\u00dcbersichtsplan<br \/>\n<\/a><\/span><span style=\"color: #333399;\"><a style=\"color: #333399;\" href=\"http:\/\/dawipaderborn.bplaced.net\/wordpress\/wp-content\/uploads\/2013\/07\/03Abwaegungstabelle_Behoerden_und_Traeger_oeffentlicher_Belange.pdf\" target=\"_blank\" rel=\"noopener noreferrer\">03Abw\u00e4gungstabelle_Behoerden_und_Traeger_oeffentlicher_Belange<br \/>\n<\/a><\/span><span style=\"color: #333399;\"><a style=\"color: #333399;\" href=\"http:\/\/dawipaderborn.bplaced.net\/wordpress\/wp-content\/uploads\/2013\/07\/04Abwaegungstabelle_Oeffentlichkeit.pdf\" target=\"_blank\" rel=\"noopener noreferrer\">04Abw\u00e4gungstabelle_Oeffentlichkeit<br \/>\n<\/a><\/span><span style=\"color: #333399;\"><a style=\"color: #333399;\" href=\"http:\/\/dawipaderborn.bplaced.net\/wordpress\/wp-content\/uploads\/2013\/07\/05Begruendung.pdf\" target=\"_blank\" rel=\"noopener noreferrer\">05Begruendung<br \/>\n<\/a><\/span><span style=\"color: #333399;\"><a style=\"color: #333399;\" href=\"http:\/\/dawipaderborn.bplaced.net\/wordpress\/wp-content\/uploads\/2013\/07\/06Auszug_aus_dem_Artenschutzbeitrag.pdf\" target=\"_blank\" rel=\"noopener noreferrer\">06Auszug_aus_dem_Artenschutzbeitrag<br \/>\n<\/a><\/span><span style=\"color: #333399;\"><a style=\"color: #333399;\" href=\"http:\/\/dawipaderborn.bplaced.net\/wordpress\/wp-content\/uploads\/2013\/07\/07Plan_Potentialflaechenanalyse.pdf\" target=\"_blank\" rel=\"noopener noreferrer\">07Plan_Potentialflaechenanalyse<br \/>\n<\/a><\/span><span style=\"color: #333399;\"><a style=\"color: #333399;\" href=\"http:\/\/dawipaderborn.bplaced.net\/wordpress\/wp-content\/uploads\/2013\/07\/08Verfahrensplan.pdf\" target=\"_blank\" rel=\"noopener noreferrer\">08Verfahrensplan<br \/>\n<\/a><\/span><span style=\"color: #333399;\"><a style=\"color: #333399;\" href=\"http:\/\/dawipaderborn.bplaced.net\/wordpress\/wp-content\/uploads\/2013\/07\/09Niederschrift_Buergerinformationsveranstaltung.pdf\" target=\"_blank\" rel=\"noopener noreferrer\">09Niederschrift_Buergerinformationsveranstaltung<br \/>\n<\/a><\/span><span style=\"color: #333399;\"><a style=\"color: #333399;\" href=\"http:\/\/dawipaderborn.bplaced.net\/wordpress\/wp-content\/uploads\/2013\/07\/10_3D_Sichtbarkeitsanalyse.pdf\" target=\"_blank\" rel=\"noopener noreferrer\">10_3D_Sichtbarkeitsanalyse<br \/>\n<\/a><\/span><span style=\"color: #333399;\"><a style=\"color: #333399;\" href=\"http:\/\/dawipaderborn.bplaced.net\/wordpress\/wp-content\/uploads\/2013\/07\/11-3D_Sichtbarkeitsanalyse_Anlage_1.pdf\" target=\"_blank\" rel=\"noopener noreferrer\">11-3D_Sichtbarkeitsanalyse_Anlage_1<br \/>\n<\/a><\/span><span style=\"color: #333399;\"><a style=\"color: #333399;\" href=\"http:\/\/dawipaderborn.bplaced.net\/wordpress\/wp-content\/uploads\/2013\/07\/12_3D_Sichtbarkeitsanalyse_Anlage_2.pdf\" target=\"_blank\" rel=\"noopener noreferrer\">12_3D_Sichtbarkeitsanalyse_Anlage_2<br \/>\n<\/a><\/span><span style=\"color: #333399;\"><a style=\"color: #333399;\" href=\"http:\/\/dawipaderborn.bplaced.net\/wordpress\/wp-content\/uploads\/2013\/07\/13_3D_Sichtbarkeitsanalyse_Anlage_4.pdf\" target=\"_blank\" rel=\"noopener noreferrer\">13_3D_Sichtbarkeitsanalyse_Anlage_4<br \/>\n<\/a><\/span><span style=\"color: #333399;\"><a style=\"color: #333399;\" href=\"http:\/\/dawipaderborn.bplaced.net\/wordpress\/wp-content\/uploads\/2013\/07\/14_Artenschutzfachbeitrag.pdf\" target=\"_blank\" rel=\"noopener noreferrer\">14_Artenschutzfachbeitrag<br \/>\n<\/a><\/span><span style=\"color: #333399;\"><a style=\"color: #333399;\" href=\"http:\/\/dawipaderborn.bplaced.net\/wordpress\/wp-content\/uploads\/2013\/07\/15_Artenschutzfachbeitrag_Anlage_1.pdf\" target=\"_blank\" rel=\"noopener noreferrer\">15_Artenschutzfachbeitrag_Anlage_1<\/a><\/span><\/p>\n<p><strong><span style=\"color: #333399;\">zur Verl\u00e4ngerung der Ver\u00e4nderungssperre D 291 (Holterfeld)<\/span><\/strong><\/p>\n<p style=\"padding-left: 30px;\"><span style=\"color: #333399;\"><strong><span style=\"color: #333399;\"><a style=\"color: #333399;\" href=\"http:\/\/dawipaderborn.bplaced.net\/wordpress\/wp-content\/uploads\/2013\/07\/2015_11_12-Beschlusstext_0310-15_-oeffentlich-_Ausschuss_fuer_Bauen-_Planen_und_Umwelt_12.11.2015.pdf\" target=\"_blank\" rel=\"noopener noreferrer\">Beschlusstext_0310-15<\/a><\/span><a style=\"color: #333399;\" href=\"http:\/\/dawipaderborn.bplaced.net\/wordpress\/wp-content\/uploads\/2013\/07\/16_Beschlussvorlage_0310-15.pdf\" target=\"_blank\" rel=\"noopener noreferrer\"><br \/>\nBeschlussvorlage_0310-15<br \/>\n<\/a><\/strong><\/span><span style=\"color: #333399;\"><a style=\"color: #333399;\" href=\"http:\/\/dawipaderborn.bplaced.net\/wordpress\/wp-content\/uploads\/2013\/07\/17_Uebersichtsplan-2.pdf\" target=\"_blank\" rel=\"noopener noreferrer\">Uebersichtsplan-2<\/a><\/span><\/p>\n<p><strong style=\"font-weight: bold !important;\"><span style=\"color: #333399;\">Zum\u00a0<em style=\"font-style: italic;\">Vorentwurf<\/em>\u00a0der 125. \u00c4nderung des FNP und deren Dokumente<\/span><\/strong><\/p>\n<p style=\"text-align: center;\"><strong><span style=\"color: #333399;\"><a style=\"color: #333399;\" href=\"http:\/\/dawipaderborn.bplaced.net\/wordpress\/wp-content\/uploads\/2014\/12\/Beschlussvorlage_0359-14.pdf\" target=\"_blank\" rel=\"noopener noreferrer\">\u2192 \u00a0Beschlussvorlage_0359-14<\/a><\/span><\/strong><\/p>\n<p style=\"padding-left: 30px;\"><span style=\"color: #333399;\"><a style=\"color: #333399;\" href=\"http:\/\/dawipaderborn.bplaced.net\/wordpress\/wp-content\/uploads\/2014\/12\/Uebersichtsplan.pdf\" target=\"_blank\" rel=\"noopener noreferrer\">Uebersichtsplan<br \/>\n<\/a><\/span><span style=\"color: #333399;\"><a style=\"color: #333399;\" href=\"http:\/\/dawipaderborn.bplaced.net\/wordpress\/wp-content\/uploads\/2014\/12\/Anlage_Potenzialflaechenanalyse.pdf\" target=\"_blank\" rel=\"noopener noreferrer\">Anlage_Potenzialflaechenanalyse<br \/>\n<\/a><\/span><strong><span style=\"color: #333399;\"><a style=\"color: #333399;\" href=\"http:\/\/dawipaderborn.bplaced.net\/wordpress\/wp-content\/uploads\/2014\/12\/125-FNP_Ausschnitt.pdf\" target=\"_blank\" rel=\"noopener noreferrer\">125. FNP_Ausschnitt<br \/>\n<\/a><\/span><\/strong><span style=\"color: #333399;\"><a style=\"color: #333399;\" href=\"http:\/\/dawipaderborn.bplaced.net\/wordpress\/wp-content\/uploads\/2014\/12\/Anlage_Verfahrensplan.pdf\" target=\"_blank\" rel=\"noopener noreferrer\">Anlage_Verfahrensplan<br \/>\n<\/a><\/span><span style=\"color: #333399;\"><a style=\"color: #333399;\" href=\"http:\/\/dawipaderborn.bplaced.net\/wordpress\/wp-content\/uploads\/2014\/12\/125-FNP-Vorentwurf_Ausschnitt.pdf\" target=\"_blank\" rel=\"noopener noreferrer\">125. FNP Vorentwurf_Ausschnitt<br \/>\n<\/a><\/span><strong><span style=\"color: #333399;\"><a style=\"color: #333399;\" href=\"http:\/\/dawipaderborn.bplaced.net\/wordpress\/wp-content\/uploads\/2015\/01\/Begruendung.pdf\" target=\"_blank\" rel=\"noopener noreferrer\">Begr\u00fcndung<br \/>\n<\/a><\/span><\/strong><strong><span style=\"color: #333399;\"><a style=\"color: #333399;\" href=\"http:\/\/dawipaderborn.bplaced.net\/wordpress\/wp-content\/uploads\/2015\/01\/Artenschutzfachbeitrag.pdf\" target=\"_blank\" rel=\"noopener noreferrer\">Artenschutzfachbeitrag<br \/>\n<\/a><\/span><\/strong><span style=\"color: #333399;\"><a style=\"color: #333399;\" href=\"http:\/\/dawipaderborn.bplaced.net\/wordpress\/wp-content\/uploads\/2014\/12\/Anlage_NZO.pdf\" target=\"_blank\" rel=\"noopener noreferrer\">Anlage Ausschnitt_NZO<br \/>\n<\/a><\/span><span style=\"color: #333399;\"><a style=\"color: #333399;\" href=\"http:\/\/dawipaderborn.bplaced.net\/wordpress\/wp-content\/uploads\/2015\/01\/Anhang2_NZO.pdf\" target=\"_blank\" rel=\"noopener noreferrer\">Anhang_NZO<\/a><\/span><\/p>\n<p><a href=\"http:\/\/dawipaderborn.bplaced.net\/wordpress\/wp-content\/uploads\/2013\/07\/2014_05_06-Infotext_TOP_4._-oeffentlich-_Ausschuss_fuer_Bauen-_Planen_und_Umwelt_06.05.2014.pdf\" target=\"_blank\" rel=\"noopener noreferrer\"><span style=\"color: #333399;\">6. 5. 2014 \u00a0Infotext_TOP_4: \u00d6ffentliche Sitzung BPU<br \/>\n<\/span><\/a><span style=\"color: #333399;\"><a href=\"http:\/\/dawipaderborn.bplaced.net\/wordpress\/wp-content\/uploads\/2013\/07\/2014_04_10-Vortrag_Dr._Unland.pdf\" target=\"_blank\" rel=\"noopener noreferrer\"><span style=\"color: #333399;\">10. 4. 2014 \u00a0Vortrag_Dr._Unland<br \/>\n<\/span><\/a><\/span><span style=\"color: #333399;\"><a href=\"http:\/\/dawipaderborn.bplaced.net\/wordpress\/wp-content\/uploads\/2013\/07\/2014_04_10-Praesentation.pdf\" target=\"_blank\" rel=\"noopener noreferrer\"><span style=\"color: #333399;\">10. 4. 2014 \u00a0Pr\u00e4sentation Michael Ahn<br \/>\n<\/span><\/a><\/span><a href=\"http:\/\/dawipaderborn.bplaced.net\/wordpress\/wp-content\/uploads\/2013\/07\/2014_04_10-Infotext_TOP_3._-oeffentlich-_Ausschuss_fuer_Bauen-_Planen_und_Umwelt_10.04.2014.pdf\" target=\"_blank\" rel=\"noopener noreferrer\"><span style=\"color: #333399;\">10. 4. 2014 \u00a0<\/span><\/a><span style=\"color: #333399;\"><span style=\"color: #333399;\"><a href=\"http:\/\/dawipaderborn.bplaced.net\/wordpress\/wp-content\/uploads\/2013\/07\/2014_04_10-Infotext_TOP_3._-oeffentlich-_Ausschuss_fuer_Bauen-_Planen_und_Umwelt_10.04.2014.pdf\" target=\"_blank\" rel=\"noopener noreferrer\"><span style=\"color: #333399;\">Infotext_TOP_3: \u00d6ffentliche Sitzung BPU<br \/>\n<\/span><\/a><\/span><\/span><a href=\"http:\/\/dawipaderborn.bplaced.net\/wordpress\/wp-content\/uploads\/2013\/07\/2013_12_06-Amtsblatt-Stadt-Paderborn.pdf\" target=\"_blank\" rel=\"noopener noreferrer\"><span style=\"color: #333399;\"><span style=\"text-decoration: underline; color: #333399;\"><span style=\"color: #ff0000; text-decoration: underline;\"><span style=\"color: #333399; text-decoration: underline;\">6<\/span><span style=\"color: #333399; text-decoration: underline;\">. 12. 2013_ Amtsblatt Stadt Paderborn<br \/>\n<\/span><\/span><\/span><\/span><\/a><span style=\"color: #333399;\"><span style=\"color: #333399;\"><span style=\"text-decoration: underline;\"><a href=\"http:\/\/dawipaderborn.bplaced.net\/wordpress\/wp-content\/uploads\/2013\/07\/991022073034131104104450Auszug.pdf\" target=\"_blank\" rel=\"noopener noreferrer\"><span style=\"color: #000080; text-decoration: underline;\">14. 11. 2013 \u00a0<\/span><span style=\"color: #000080; text-decoration: underline;\">Niede<\/span><\/a><span style=\"color: #000080; text-decoration: underline;\"><span style=\"color: #000080; text-decoration: underline;\"><a href=\"http:\/\/dawipaderborn.bplaced.net\/wordpress\/wp-content\/uploads\/2013\/07\/991022073034131104104450Auszug.pdf\" target=\"_blank\" rel=\"noopener noreferrer\"><span style=\"color: #333399; text-decoration: underline;\">r<\/span><span style=\"color: #333399; text-decoration: underline;\">schrift Entscheidung B<\/span><\/a>PU<\/span>\u00a0125. FNP-\u00c4nderung<br \/>\n<\/span><\/span><\/span><\/span><span style=\"color: #333399;\"><span style=\"color: #333399;\"><span style=\"text-decoration: underline;\"><span style=\"color: #000080; text-decoration: underline;\">04. 11. 2013 \u00a0<\/span><\/span><a href=\"http:\/\/dawipaderborn.bplaced.net\/wordpress\/wp-content\/uploads\/2013\/07\/2013_11-125-Aenderung-Ausweisung-von-Windkonzentrationsflaechen.pdf\" target=\"_blank\" rel=\"noopener noreferrer\"><span style=\"text-decoration: underline;\"><span style=\"color: #000080; text-decoration: underline;\">Sitzungsvorlage-Nr. 0313\/13: Begr\u00fcndung 125. FNP-\u00c4nderung<br \/>\n<\/span><\/span><\/a><\/span><\/span><span style=\"color: #333399;\"><span style=\"color: #333399;\"><span style=\"text-decoration: underline;\"><span style=\"color: #000080; text-decoration: underline;\"><a href=\"http:\/\/dawipaderborn.bplaced.net\/wordpress\/wp-content\/uploads\/2013\/07\/2012_09_13_991022073034120830094519Auszug.pdf\" target=\"_blank\" rel=\"noopener noreferrer\"><span style=\"color: #333399; text-decoration: underline;\">13. 9. 2012 \u00a0Niederschrift Einleitungsbeschluss des\u00a0B<\/span><\/a>PU<br \/>\n<\/span><\/span><\/span><\/span><span style=\"color: #333399;\"><span style=\"color: #333399;\"><a href=\"http:\/\/dawipaderborn.bplaced.net\/wordpress\/wp-content\/uploads\/2013\/07\/2012_08_30_120830094519RisVorlage.pdf\" target=\"_blank\" rel=\"noopener noreferrer\"><span style=\"text-decoration: underline;\"><span style=\"color: #000080; text-decoration: underline;\">30. 8. 2012 \u00a0Sitzungsvorlage<\/span><\/span><\/a><span style=\"text-decoration: underline;\"><span style=\"color: #000080; text-decoration: underline;\">-Nr. 0256\/12: Einleitung 125. FNP-\u00c4nderung<\/span><\/span><\/span><\/span><\/p>\n<p><em><span style=\"color: #333399;\">Herkunft der Dokumente aus dem B\u00fcrgerinformationssystem der Stadt Paderborn<\/span><\/em><\/p>\n<p><strong><span style=\"color: #333399;\">Die 125. FNP-\u00c4nderung in der Paderborner Presse<\/span><\/strong><\/p>\n<p><span style=\"color: #333399;\">Neue Westf\u00e4lische (NW), Westf\u00e4lisches Volksblatt (WV)<\/span><\/p>\n<p style=\"line-height: 1.714285714; margin: 0px 0px 1.714285714rem 0px;\"><span style=\"color: #333399;\"><a style=\"color: #333399;\" href=\"http:\/\/dawipaderborn.bplaced.net\/wordpress\/wp-content\/uploads\/2013\/07\/2016_07_07-NW-Windraeder-nun-auch-im-Westen.pdf\" target=\"_blank\" rel=\"noopener noreferrer\">Windr\u00e4der nun auch im Westen<\/a>\u00a0 (NW 7.7.2016)<a style=\"color: #333399;\" href=\"http:\/\/dawipaderborn.bplaced.net\/wordpress\/wp-content\/uploads\/2013\/07\/2016_07_06-WV-Windmuehlen-auch-in-Wewer.pdf\" target=\"_blank\" rel=\"noopener noreferrer\"><br \/>\nWindm\u00fchlen auch in Wewer<\/a>\u00a0 (WV 6.7.2016)<a style=\"color: #333399;\" href=\"http:\/\/dawipaderborn.bplaced.net\/wordpress\/wp-content\/uploads\/2013\/07\/2016_03_01-NW-Windkraftkritiker-melden-sich-zu-Wort.pdf\" target=\"_blank\" rel=\"noopener noreferrer\"><br \/>\nWindkraftkritiker melden sich zu Wort<\/a>\u00a0 (NW 1.3.2016)<a style=\"color: #333399;\" href=\"http:\/\/dawipaderborn.bplaced.net\/wordpress\/wp-content\/uploads\/2013\/07\/2016_03_01-WV-DaWi-warnt-vor-Reparatur.pdf\" target=\"_blank\" rel=\"noopener noreferrer\"><br \/>\nDaWi warnt vor Reparatur<\/a>\u00a0(WV 1.3.2016)<a style=\"color: #333399;\" href=\"http:\/\/dawipaderborn.bplaced.net\/wordpress\/wp-content\/uploads\/2013\/07\/2016_02_18-NW-Flaechennutzungsplan-wird-neu-ausgelegt.pdf\" target=\"_blank\" rel=\"noopener noreferrer\"><br \/>\nFl\u00e4chennutzungsplan wird neu ausgelegt<\/a>\u00a0 (NW 18.2.2016)<a style=\"color: #333399;\" href=\"http:\/\/dawipaderborn.bplaced.net\/wordpress\/wp-content\/uploads\/2013\/07\/2015_11_14-WV-Dahl-in-extremer-Lage.pdf\" target=\"_blank\" rel=\"noopener noreferrer\"><br \/>\nDahl in extremer Lage<\/a>\u00a0 (WV 14.11.2015)<a style=\"color: #333399;\" href=\"http:\/\/dawipaderborn.bplaced.net\/wordpress\/wp-content\/uploads\/2013\/07\/2015_11_14-NW-122-Hektar-mehr-Platz-fuer-Energie-aus-Wind.pdf\" target=\"_blank\" rel=\"noopener noreferrer\"><br \/>\n122 Hektar mehr Platz f\u00fcr Energie aus Wind<\/a>\u00a0 (NW 14.11.2015)<a style=\"color: #333399;\" href=\"http:\/\/dawipaderborn.bplaced.net\/wordpress\/wp-content\/uploads\/2013\/07\/2015_11_13-WV-Dahl-liegt-hart-im-Wind.pdf\" target=\"_blank\" rel=\"noopener noreferrer\"><br \/>\nDahl liegt hart im Wind<\/a>\u00a0 (WV 13.11.2015)<strong><a style=\"color: #333399;\" href=\"http:\/\/dawipaderborn.bplaced.net\/wordpress\/wp-content\/uploads\/2013\/07\/2015_11_04-NW-Wo-Windriesen-wachsen-duerfen.pdf\" target=\"_blank\" rel=\"noopener noreferrer\"><br \/>\nWo Windriesen wachsen d\u00fcrfen<\/a>\u00a0 (NW 4. 11. 2015)<\/strong><br \/>\n<a style=\"color: #333399;\" href=\"http:\/\/dawipaderborn.bplaced.net\/wordpress\/wp-content\/uploads\/2015\/01\/2015_01_07-NW-Stadt-stellt-Plaene-zur-Windenergie-vor.pdf\" target=\"_blank\" rel=\"noopener noreferrer\">Stadt stellt Pl\u00e4ne zur Windenergie vor<\/a>\u00a0 (NW 7. 1. 2015)<br \/>\n<strong style=\"font-weight: bold !important;\"><a style=\"color: #333399;\" href=\"http:\/\/dawipaderborn.bplaced.net\/wordpress\/wp-content\/uploads\/2014\/12\/2014_12_10-NW-Die-Riesen-sollen-auf-Abstand-bleiben.pdf\" target=\"_blank\" rel=\"noopener noreferrer\">Die Riesen sollen auf Abstand bleiben<\/a>\u00a0 (NW 10. 12. 2014)<br \/>\n<\/strong><a style=\"color: #333399;\" href=\"http:\/\/dawipaderborn.bplaced.net\/wordpress\/wp-content\/uploads\/2013\/07\/2014_04_16-NW-Stadt-bereitet-Flaechennutzungsplan-vor.pdf\" target=\"_blank\" rel=\"noopener noreferrer\">Stadt bereitet Fl\u00e4chennutzungsplan vor<\/a>\u00a0 (NW 16. 4. 2014)<\/span><\/p>\n<p>&nbsp;<\/p>\n","protected":false},"excerpt":{"rendered":"<p>125. \u00c4nderung des Fl\u00e4chennutzungsplans am 17.1.2019 urteilt das Oberverwaltungsgericht NRW: Die 125. \u00c4nderung des Fl\u00e4chennutzungsplans ist unwirksam, eine Revision ist nicht zugelassen. hiergegen hat die Stadt Paderborn beim Bundesverwaltungsgericht geklagt, eine Entscheidung ist noch nicht gef\u00e4llt. Bis dahin bleibt der Fl\u00fchennutzungsplan g\u00fcltig. die Urteilsbegr\u00fcndung: \u00a02019_01_17 Oberverwaltungsgericht NRW, 2 D 63:17.NE am 15.12.2016 beschliesst der Rat [&hellip;]<\/p>\n","protected":false},"author":1,"featured_media":0,"parent":2522,"menu_order":3,"comment_status":"closed","ping_status":"closed","template":"","meta":{"footnotes":""},"class_list":["post-55","page","type-page","status-publish","hentry"],"aioseo_notices":[],"_links":{"self":[{"href":"https:\/\/dawipaderborn.bplaced.net\/wordpress\/wp-json\/wp\/v2\/pages\/55","targetHints":{"allow":["GET"]}}],"collection":[{"href":"https:\/\/dawipaderborn.bplaced.net\/wordpress\/wp-json\/wp\/v2\/pages"}],"about":[{"href":"https:\/\/dawipaderborn.bplaced.net\/wordpress\/wp-json\/wp\/v2\/types\/page"}],"author":[{"embeddable":true,"href":"https:\/\/dawipaderborn.bplaced.net\/wordpress\/wp-json\/wp\/v2\/users\/1"}],"replies":[{"embeddable":true,"href":"https:\/\/dawipaderborn.bplaced.net\/wordpress\/wp-json\/wp\/v2\/comments?post=55"}],"version-history":[{"count":84,"href":"https:\/\/dawipaderborn.bplaced.net\/wordpress\/wp-json\/wp\/v2\/pages\/55\/revisions"}],"predecessor-version":[{"id":6271,"href":"https:\/\/dawipaderborn.bplaced.net\/wordpress\/wp-json\/wp\/v2\/pages\/55\/revisions\/6271"}],"up":[{"embeddable":true,"href":"https:\/\/dawipaderborn.bplaced.net\/wordpress\/wp-json\/wp\/v2\/pages\/2522"}],"wp:attachment":[{"href":"https:\/\/dawipaderborn.bplaced.net\/wordpress\/wp-json\/wp\/v2\/media?parent=55"}],"curies":[{"name":"wp","href":"https:\/\/api.w.org\/{rel}","templated":true}]}}