{"id":6272,"date":"2020-01-12T17:57:08","date_gmt":"2020-01-12T15:57:08","guid":{"rendered":"http:\/\/dawipaderborn.bplaced.net\/wordpress\/?page_id=6272"},"modified":"2023-03-05T14:42:07","modified_gmt":"2023-03-05T12:42:07","slug":"146-aenderung-des-flaechennutzungsplans-paderborn","status":"publish","type":"page","link":"https:\/\/dawipaderborn.bplaced.net\/wordpress\/windindustrie-in-der-stadt-paderborn\/146-aenderung-des-flaechennutzungsplans-paderborn\/","title":{"rendered":"146. \u00c4nderung des Fl\u00e4chennutzungsplans Paderborn"},"content":{"rendered":"<div class=\"page\" title=\"Page 1\">\n<div class=\"layoutArea\">\n<div class=\"column\">\n<p style=\"text-align: center;\"><span style=\"color: #000080;\"><strong>146. \u00c4nderung des Fl\u00e4chennutzungsplanes &#8222;Konzentrationszonen f\u00fcr Windenergie&#8220;<\/strong><\/span><\/p>\n<\/div>\n<\/div>\n<\/div>\n<p>am 16.12.2021 wurde die 146. \u00c4nderung des Fl\u00e4chennutzungsplanes &#8222;Konzentrationszonen f\u00fcr die Windenergie&#8220; der Stadt Paderborn im Rat der Stadt Paderborn beschlossen:<\/p>\n<p><a href=\"http:\/\/dawipaderborn.bplaced.net\/wordpress\/wp-content\/uploads\/2023\/03\/Beschlussvorlage_0497-21.pdf\" target=\"_blank\" rel=\"noopener\">146 \u00c4nderung FNP Konzentrationszonen f\u00fcr Windenergie<\/a><\/p>\n<p>&nbsp;<\/p>\n<p><a href=\"http:\/\/dawipaderborn.bplaced.net\/wordpress\/wp-content\/uploads\/2023\/03\/Ermittlung-der-Konzentrationszonen-scaled.jpg\" target=\"_blank\" rel=\"noopener\"><img loading=\"lazy\" decoding=\"async\" class=\"alignnone wp-image-6547 \" src=\"http:\/\/dawipaderborn.bplaced.net\/wordpress\/wp-content\/uploads\/2023\/03\/Ermittlung-der-Konzentrationszonen-1024x653.jpg\" alt=\"\" width=\"618\" height=\"394\" srcset=\"https:\/\/dawipaderborn.bplaced.net\/wordpress\/wp-content\/uploads\/2023\/03\/Ermittlung-der-Konzentrationszonen-1024x653.jpg 1024w, https:\/\/dawipaderborn.bplaced.net\/wordpress\/wp-content\/uploads\/2023\/03\/Ermittlung-der-Konzentrationszonen-300x191.jpg 300w, https:\/\/dawipaderborn.bplaced.net\/wordpress\/wp-content\/uploads\/2023\/03\/Ermittlung-der-Konzentrationszonen-768x490.jpg 768w, https:\/\/dawipaderborn.bplaced.net\/wordpress\/wp-content\/uploads\/2023\/03\/Ermittlung-der-Konzentrationszonen-1536x980.jpg 1536w, https:\/\/dawipaderborn.bplaced.net\/wordpress\/wp-content\/uploads\/2023\/03\/Ermittlung-der-Konzentrationszonen-2048x1307.jpg 2048w, https:\/\/dawipaderborn.bplaced.net\/wordpress\/wp-content\/uploads\/2023\/03\/Ermittlung-der-Konzentrationszonen-624x398.jpg 624w\" sizes=\"auto, (max-width: 618px) 100vw, 618px\" \/><\/a><\/p>\n<p><a href=\"http:\/\/dawipaderborn.bplaced.net\/wordpress\/wp-content\/uploads\/2023\/03\/146.-Aenderung-des-FNP-scaled.jpg\" target=\"_blank\" rel=\"noopener\"><img loading=\"lazy\" decoding=\"async\" class=\"alignnone wp-image-6546 size-large\" src=\"http:\/\/dawipaderborn.bplaced.net\/wordpress\/wp-content\/uploads\/2023\/03\/146.-Aenderung-des-FNP-1024x599.jpg\" alt=\"\" width=\"625\" height=\"366\" srcset=\"https:\/\/dawipaderborn.bplaced.net\/wordpress\/wp-content\/uploads\/2023\/03\/146.-Aenderung-des-FNP-1024x599.jpg 1024w, https:\/\/dawipaderborn.bplaced.net\/wordpress\/wp-content\/uploads\/2023\/03\/146.-Aenderung-des-FNP-300x175.jpg 300w, https:\/\/dawipaderborn.bplaced.net\/wordpress\/wp-content\/uploads\/2023\/03\/146.-Aenderung-des-FNP-768x449.jpg 768w, https:\/\/dawipaderborn.bplaced.net\/wordpress\/wp-content\/uploads\/2023\/03\/146.-Aenderung-des-FNP-1536x898.jpg 1536w, https:\/\/dawipaderborn.bplaced.net\/wordpress\/wp-content\/uploads\/2023\/03\/146.-Aenderung-des-FNP-2048x1198.jpg 2048w, https:\/\/dawipaderborn.bplaced.net\/wordpress\/wp-content\/uploads\/2023\/03\/146.-Aenderung-des-FNP-624x365.jpg 624w\" sizes=\"auto, (max-width: 625px) 100vw, 625px\" \/><\/a><\/p>\n<p>Informationen aus der Beschlussvorlage der Stadt Paderborn<\/p>\n<p>&nbsp;<\/p>\n","protected":false},"excerpt":{"rendered":"<p>146. \u00c4nderung des Fl\u00e4chennutzungsplanes &#8222;Konzentrationszonen f\u00fcr Windenergie&#8220; am 16.12.2021 wurde die 146. \u00c4nderung des Fl\u00e4chennutzungsplanes &#8222;Konzentrationszonen f\u00fcr die Windenergie&#8220; der Stadt Paderborn im Rat der Stadt Paderborn beschlossen: 146 \u00c4nderung FNP Konzentrationszonen f\u00fcr Windenergie &nbsp; Informationen aus der Beschlussvorlage der Stadt Paderborn &nbsp;<\/p>\n","protected":false},"author":1,"featured_media":0,"parent":2522,"menu_order":7,"comment_status":"closed","ping_status":"closed","template":"","meta":{"footnotes":""},"class_list":["post-6272","page","type-page","status-publish","hentry"],"aioseo_notices":[],"_links":{"self":[{"href":"https:\/\/dawipaderborn.bplaced.net\/wordpress\/wp-json\/wp\/v2\/pages\/6272","targetHints":{"allow":["GET"]}}],"collection":[{"href":"https:\/\/dawipaderborn.bplaced.net\/wordpress\/wp-json\/wp\/v2\/pages"}],"about":[{"href":"https:\/\/dawipaderborn.bplaced.net\/wordpress\/wp-json\/wp\/v2\/types\/page"}],"author":[{"embeddable":true,"href":"https:\/\/dawipaderborn.bplaced.net\/wordpress\/wp-json\/wp\/v2\/users\/1"}],"replies":[{"embeddable":true,"href":"https:\/\/dawipaderborn.bplaced.net\/wordpress\/wp-json\/wp\/v2\/comments?post=6272"}],"version-history":[{"count":13,"href":"https:\/\/dawipaderborn.bplaced.net\/wordpress\/wp-json\/wp\/v2\/pages\/6272\/revisions"}],"predecessor-version":[{"id":6548,"href":"https:\/\/dawipaderborn.bplaced.net\/wordpress\/wp-json\/wp\/v2\/pages\/6272\/revisions\/6548"}],"up":[{"embeddable":true,"href":"https:\/\/dawipaderborn.bplaced.net\/wordpress\/wp-json\/wp\/v2\/pages\/2522"}],"wp:attachment":[{"href":"https:\/\/dawipaderborn.bplaced.net\/wordpress\/wp-json\/wp\/v2\/media?parent=6272"}],"curies":[{"name":"wp","href":"https:\/\/api.w.org\/{rel}","templated":true}]}}

146. Änderung des Flächennutzungsplans Paderborn

<div class="page" title="Page 1">
<div class="layoutArea">
<div class="column">
<p style="text-align: center;"><span style="color: #000080;"><strong>146. Änderung des Flächennutzungsplanes &#8222;Konzentrationszonen für Windenergie&#8220;</strong></span></p>
</div>
</div>
</div>
<p>am 16.12.2021 wurde die 146. Änderung des Flächennutzungsplanes &#8222;Konzentrationszonen für die Windenergie&#8220; der Stadt Paderborn im Rat der Stadt Paderborn beschlossen:</p>
<p><a href="http://dawipaderborn.bplaced.net/wordpress/wp-content/uploads/2023/03/Beschlussvorlage_0497-21.pdf" target="_blank" rel="noopener">146 Änderung FNP Konzentrationszonen für Windenergie</a></p>
<p>&nbsp;</p>
<p><a href="http://dawipaderborn.bplaced.net/wordpress/wp-content/uploads/2023/03/Ermittlung-der-Konzentrationszonen-scaled.jpg" target="_blank" rel="noopener"><img loading="lazy" decoding="async" class="alignnone wp-image-6547 " src="http://dawipaderborn.bplaced.net/wordpress/wp-content/uploads/2023/03/Ermittlung-der-Konzentrationszonen-1024x653.jpg" alt="" width="618" height="394" srcset="https://dawipaderborn.bplaced.net/wordpress/wp-content/uploads/2023/03/Ermittlung-der-Konzentrationszonen-1024x653.jpg 1024w, https://dawipaderborn.bplaced.net/wordpress/wp-content/uploads/2023/03/Ermittlung-der-Konzentrationszonen-300x191.jpg 300w, https://dawipaderborn.bplaced.net/wordpress/wp-content/uploads/2023/03/Ermittlung-der-Konzentrationszonen-768x490.jpg 768w, https://dawipaderborn.bplaced.net/wordpress/wp-content/uploads/2023/03/Ermittlung-der-Konzentrationszonen-1536x980.jpg 1536w, https://dawipaderborn.bplaced.net/wordpress/wp-content/uploads/2023/03/Ermittlung-der-Konzentrationszonen-2048x1307.jpg 2048w, https://dawipaderborn.bplaced.net/wordpress/wp-content/uploads/2023/03/Ermittlung-der-Konzentrationszonen-624x398.jpg 624w" sizes="auto, (max-width: 618px) 100vw, 618px" /></a></p>
<p><a href="http://dawipaderborn.bplaced.net/wordpress/wp-content/uploads/2023/03/146.-Aenderung-des-FNP-scaled.jpg" target="_blank" rel="noopener"><img loading="lazy" decoding="async" class="alignnone wp-image-6546 size-large" src="http://dawipaderborn.bplaced.net/wordpress/wp-content/uploads/2023/03/146.-Aenderung-des-FNP-1024x599.jpg" alt="" width="625" height="366" srcset="https://dawipaderborn.bplaced.net/wordpress/wp-content/uploads/2023/03/146.-Aenderung-des-FNP-1024x599.jpg 1024w, https://dawipaderborn.bplaced.net/wordpress/wp-content/uploads/2023/03/146.-Aenderung-des-FNP-300x175.jpg 300w, https://dawipaderborn.bplaced.net/wordpress/wp-content/uploads/2023/03/146.-Aenderung-des-FNP-768x449.jpg 768w, https://dawipaderborn.bplaced.net/wordpress/wp-content/uploads/2023/03/146.-Aenderung-des-FNP-1536x898.jpg 1536w, https://dawipaderborn.bplaced.net/wordpress/wp-content/uploads/2023/03/146.-Aenderung-des-FNP-2048x1198.jpg 2048w, https://dawipaderborn.bplaced.net/wordpress/wp-content/uploads/2023/03/146.-Aenderung-des-FNP-624x365.jpg 624w" sizes="auto, (max-width: 625px) 100vw, 625px" /></a></p>
<p>Informationen aus der Beschlussvorlage der Stadt Paderborn</p>
<p>&nbsp;</p>

<p>146. Änderung des Flächennutzungsplanes &#8222;Konzentrationszonen für Windenergie&#8220; am 16.12.2021 wurde die 146. Änderung des Flächennutzungsplanes &#8222;Konzentrationszonen für die Windenergie&#8220; der Stadt Paderborn im Rat der Stadt Paderborn beschlossen: 146 Änderung FNP Konzentrationszonen für Windenergie &nbsp; Informationen aus der Beschlussvorlage der Stadt Paderborn &nbsp;</p>
